{"id":218,"date":"2020-05-12T03:43:04","date_gmt":"2020-05-12T03:43:04","guid":{"rendered":"https:\/\/smarttravelhon.com\/index.php\/about\/"},"modified":"2023-08-24T14:34:30","modified_gmt":"2023-08-24T20:34:30","slug":"about","status":"publish","type":"page","link":"https:\/\/smarttravelhon.com\/index.php\/about\/","title":{"rendered":"Nosotros"},"content":{"rendered":"\n<div class=\"wp-block-uagb-container uagb-block-e54d5ff2 alignfull uagb-is-root-container\"><div class=\"uagb-container-inner-blocks-wrap\">\n<p><\/p>\n\n\n\n<p><\/p>\n\n\n\n<div class=\"wp-block-uagb-advanced-heading uagb-block-c15d98cd\"><h1 class=\"uagb-heading-text\">Sobre Nosotros<\/h1><\/div>\n<\/div><\/div>\n\n\n\n<div class=\"wp-block-uagb-container uagb-block-7e6a295f alignfull uagb-is-root-container\"><div class=\"uagb-container-inner-blocks-wrap\">\n<div class=\"wp-block-uagb-container uagb-block-b640684f\">\n<div class=\"wp-block-uagb-advanced-heading uagb-block-5ef0d400\"><h2 class=\"uagb-heading-text\">Agencia de Viajes Smart Travel<\/h2><\/div>\n<\/div>\n\n\n\n<div class=\"inherit-container-width wp-block-group is-layout-constrained wp-block-group-is-layout-constrained\">\n<div class=\"wp-block-uagb-info-box uagb-block-ee20ad76 uagb-infobox__content-wrap  uagb-infobox-icon-above-title uagb-infobox-image-valign-top\"><div class=\"uagb-ifb-content\"><div class=\"uagb-ifb-title-wrap\"><span class=\"uagb-ifb-title-prefix\">En Smart Travel, nos enorgullece contar con un equipo de colaboradores altamente experimentados y profesionales. Nuestros agentes poseen una amplia trayectoria en la industria de viajes, demostrando su expertise en el manejo de grandes grupos de personas. Adem\u00e1s, cuentan con un profundo conocimiento en asuntos migratorios, asegurando que cada aspecto de tu viaje sea cuidadosamente planificado y ejecutado. Conf\u00eda en nuestro equipo para brindarte una experiencia inolvidable, respaldada por a\u00f1os de dedicaci\u00f3n y pasi\u00f3n por los viajes.<\/span><\/div><\/div><\/div>\n<\/div>\n<\/div><\/div>\n\n\n\n<div class=\"wp-block-uagb-container uagb-block-49e0d212 alignfull uagb-is-root-container\"><div class=\"uagb-container-inner-blocks-wrap\">\n<div class=\"wp-block-uagb-container uagb-block-ce2ac0cc\">\n<div class=\"wp-block-uagb-advanced-heading uagb-block-a6053b47\"><h2 class=\"uagb-heading-text\">Misi\u00f3n<\/h2><p class=\"uagb-desc-text\">Nuestra misi\u00f3n es brindar experiencias de viaje excepcionales, superando las expectativas de nuestros clientes y siendo reconocidos como l\u00edderes en la industria. Nos esforzamos por crear itinerarios personalizados y ofrecer un servicio de calidad, convirtiendo sue\u00f1os en recuerdos inolvidables.<\/p><\/div>\n<\/div>\n\n\n\n<div class=\"wp-block-uagb-container uagb-block-aee4da09\">\n<div class=\"wp-block-uagb-advanced-heading uagb-block-ec8d4db7\"><h2 class=\"uagb-heading-text\">Visi\u00f3n\u200b<\/h2><p class=\"uagb-desc-text\">Nuestra visi\u00f3n es convertirnos en la agencia de viajes l\u00edder en atenci\u00f3n al cliente, ofreciendo experiencias extraordinarias y siendo reconocidos por nuestra excelencia en el servicio y la innovaci\u00f3n constante. <\/p><\/div>\n<\/div>\n\n\n\n<div class=\"wp-block-uagb-container uagb-block-4c66a9e6\">\n<div class=\"wp-block-uagb-advanced-heading uagb-block-12287179\"><h2 class=\"uagb-heading-text\">Valores\u200b<\/h2><\/div>\n\n\n\n<div class=\"wp-block-uagb-icon-list uagb-block-16e6998b\"><div class=\"uagb-icon-list__wrap\">\n<div class=\"wp-block-uagb-icon-list-child uagb-block-48f7dd76\"><a target=\"_self\" aria-label=\"Excelencia en el servicio.\u200b\" rel=\"noopener noreferrer\" href=\"#\"> <\/a><span class=\"uagb-icon-list__source-wrap\"><svg xmlns=\"https:\/\/www.w3.org\/2000\/svg\" viewBox=\"0 0 256 512\"><path d=\"M118.6 105.4l128 127.1C252.9 239.6 256 247.8 256 255.1s-3.125 16.38-9.375 22.63l-128 127.1c-9.156 9.156-22.91 11.9-34.88 6.943S64 396.9 64 383.1V128c0-12.94 7.781-24.62 19.75-29.58S109.5 96.23 118.6 105.4z\"><\/path><\/svg><\/span><span class=\"uagb-icon-list__label\">Excelencia en el servicio.\u200b<\/span><\/div>\n\n\n\n<div class=\"wp-block-uagb-icon-list-child uagb-block-be9a3150\"><a target=\"_self\" aria-label=\"Confianza y transparencia.\" rel=\"noopener noreferrer\" href=\"#\"> <\/a><span class=\"uagb-icon-list__source-wrap\"><svg xmlns=\"https:\/\/www.w3.org\/2000\/svg\" viewBox=\"0 0 256 512\"><path d=\"M118.6 105.4l128 127.1C252.9 239.6 256 247.8 256 255.1s-3.125 16.38-9.375 22.63l-128 127.1c-9.156 9.156-22.91 11.9-34.88 6.943S64 396.9 64 383.1V128c0-12.94 7.781-24.62 19.75-29.58S109.5 96.23 118.6 105.4z\"><\/path><\/svg><\/span><span class=\"uagb-icon-list__label\">Confianza y transparencia.<\/span><\/div>\n\n\n\n<div class=\"wp-block-uagb-icon-list-child uagb-block-434205bc\"><a target=\"_self\" aria-label=\"Compromiso con la calidad.\u200b\" rel=\"noopener noreferrer\" href=\"#\"> <\/a><span class=\"uagb-icon-list__source-wrap\"><svg xmlns=\"https:\/\/www.w3.org\/2000\/svg\" viewBox=\"0 0 256 512\"><path d=\"M118.6 105.4l128 127.1C252.9 239.6 256 247.8 256 255.1s-3.125 16.38-9.375 22.63l-128 127.1c-9.156 9.156-22.91 11.9-34.88 6.943S64 396.9 64 383.1V128c0-12.94 7.781-24.62 19.75-29.58S109.5 96.23 118.6 105.4z\"><\/path><\/svg><\/span><span class=\"uagb-icon-list__label\">Compromiso con la calidad.\u200b<\/span><\/div>\n\n\n\n<div class=\"wp-block-uagb-icon-list-child uagb-block-9b961e53\"><span class=\"uagb-icon-list__source-wrap\"><svg xmlns=\"https:\/\/www.w3.org\/2000\/svg\" viewBox=\"0 0 256 512\"><path d=\"M118.6 105.4l128 127.1C252.9 239.6 256 247.8 256 255.1s-3.125 16.38-9.375 22.63l-128 127.1c-9.156 9.156-22.91 11.9-34.88 6.943S64 396.9 64 383.1V128c0-12.94 7.781-24.62 19.75-29.58S109.5 96.23 118.6 105.4z\"><\/path><\/svg><\/span><span class=\"uagb-icon-list__label\">Pasi\u00f3n por los viajes.<\/span><\/div>\n<\/div><\/div>\n<\/div>\n<\/div><\/div>\n","protected":false},"excerpt":{"rendered":"<p>Sobre Nosotros Agencia de Viajes Smart Travel Misi\u00f3n Nuestra misi\u00f3n es brindar experiencias de viaje excepcionales, superando las expectativas de nuestros clientes y siendo reconocidos como l\u00edderes en la industria. Nos esforzamos por crear itinerarios personalizados y ofrecer un servicio de calidad, convirtiendo sue\u00f1os en recuerdos inolvidables. Visi\u00f3n\u200b Nuestra visi\u00f3n es convertirnos en la agencia [&hellip;]<\/p>\n","protected":false},"author":1,"featured_media":0,"parent":0,"menu_order":0,"comment_status":"closed","ping_status":"closed","template":"","meta":{"_uag_custom_page_level_css":"","_background_id":0,"_xo_background":[],"site-sidebar-layout":"no-sidebar","site-content-layout":"plain-container","ast-site-content-layout":"","site-content-style":"default","site-sidebar-style":"default","ast-global-header-display":"","ast-banner-title-visibility":"","ast-main-header-display":"","ast-hfb-above-header-display":"","ast-hfb-below-header-display":"","ast-hfb-mobile-header-display":"","site-post-title":"disabled","ast-breadcrumbs-content":"","ast-featured-img":"disabled","footer-sml-layout":"","theme-transparent-header-meta":"enabled","adv-header-id-meta":"","stick-header-meta":"","header-above-stick-meta":"","header-main-stick-meta":"","header-below-stick-meta":"","astra-migrate-meta-layouts":"default","ast-page-background-enabled":"default","ast-page-background-meta":{"desktop":{"background-color":"","background-image":"","background-repeat":"repeat","background-position":"center center","background-size":"auto","background-attachment":"scroll","background-type":"","background-media":"","overlay-type":"","overlay-color":"","overlay-opacity":"","overlay-gradient":""},"tablet":{"background-color":"","background-image":"","background-repeat":"repeat","background-position":"center center","background-size":"auto","background-attachment":"scroll","background-type":"","background-media":"","overlay-type":"","overlay-color":"","overlay-opacity":"","overlay-gradient":""},"mobile":{"background-color":"","background-image":"","background-repeat":"repeat","background-position":"center center","background-size":"auto","background-attachment":"scroll","background-type":"","background-media":"","overlay-type":"","overlay-color":"","overlay-opacity":"","overlay-gradient":""}},"ast-content-background-meta":{"desktop":{"background-color":"var(--ast-global-color-5)","background-image":"","background-repeat":"repeat","background-position":"center center","background-size":"auto","background-attachment":"scroll","background-type":"","background-media":"","overlay-type":"","overlay-color":"","overlay-opacity":"","overlay-gradient":""},"tablet":{"background-color":"var(--ast-global-color-5)","background-image":"","background-repeat":"repeat","background-position":"center center","background-size":"auto","background-attachment":"scroll","background-type":"","background-media":"","overlay-type":"","overlay-color":"","overlay-opacity":"","overlay-gradient":""},"mobile":{"background-color":"var(--ast-global-color-5)","background-image":"","background-repeat":"repeat","background-position":"center center","background-size":"auto","background-attachment":"scroll","background-type":"","background-media":"","overlay-type":"","overlay-color":"","overlay-opacity":"","overlay-gradient":""}},"footnotes":""},"aioseo_notices":[],"uagb_featured_image_src":{"full":false,"thumbnail":false,"medium":false,"medium_large":false,"large":false,"1536x1536":false,"2048x2048":false},"uagb_author_info":{"display_name":"Smart Travel Agencia de Viajes","author_link":"https:\/\/smarttravelhon.com\/index.php\/author\/smarttravelhon\/"},"uagb_comment_info":0,"uagb_excerpt":"Sobre Nosotros Agencia de Viajes Smart Travel Misi\u00f3n Nuestra misi\u00f3n es brindar experiencias de viaje excepcionales, superando las expectativas de nuestros clientes y siendo reconocidos como l\u00edderes en la industria. Nos esforzamos por crear itinerarios personalizados y ofrecer un servicio de calidad, convirtiendo sue\u00f1os en recuerdos inolvidables. Visi\u00f3n\u200b Nuestra visi\u00f3n es convertirnos en la agencia&hellip;","_links":{"self":[{"href":"https:\/\/smarttravelhon.com\/index.php\/wp-json\/wp\/v2\/pages\/218"}],"collection":[{"href":"https:\/\/smarttravelhon.com\/index.php\/wp-json\/wp\/v2\/pages"}],"about":[{"href":"https:\/\/smarttravelhon.com\/index.php\/wp-json\/wp\/v2\/types\/page"}],"author":[{"embeddable":true,"href":"https:\/\/smarttravelhon.com\/index.php\/wp-json\/wp\/v2\/users\/1"}],"replies":[{"embeddable":true,"href":"https:\/\/smarttravelhon.com\/index.php\/wp-json\/wp\/v2\/comments?post=218"}],"version-history":[{"count":11,"href":"https:\/\/smarttravelhon.com\/index.php\/wp-json\/wp\/v2\/pages\/218\/revisions"}],"predecessor-version":[{"id":1202,"href":"https:\/\/smarttravelhon.com\/index.php\/wp-json\/wp\/v2\/pages\/218\/revisions\/1202"}],"wp:attachment":[{"href":"https:\/\/smarttravelhon.com\/index.php\/wp-json\/wp\/v2\/media?parent=218"}],"curies":[{"name":"wp","href":"https:\/\/api.w.org\/{rel}","templated":true}]}}